 Let m be z(v). Suppose -l = -m - 1. List the prime factors of l.
7
Suppose -q = -4*q + 12. Suppose -q*c = -18 - 2. Suppose 3*b - 162 = 5*j, -j = c*b + 3*j - 270. List the prime factors of b.
2, 3
Suppose -17536 - 17008 = -17*o. What are the prime factors of o?
2, 127
Let h(q) = -3*q - 9. Let b = 2 - 6. Let t be h(b). What are the prime factors of 0 + t - (-2 - 23)?
2, 7
Let f be (-24)/(-16)*(-1 + -1) - -18. Suppose f*t + 324 = 18*t. What are the prime factors of t?
2, 3
Suppose -13*i = 942 - 8274. What are the prime factors of i?
2, 3, 47
Let c be 82/4 + 2/(-4). Let r(y) = -12*y**2 - 8*y - 10. Let a be r(-1). Let m = c + a. What are the prime factors of m?
2, 3
Suppose -6*d + 4*q = -11*d + 187, -4*d = -3*q - 162. Let k(u) = -u**3 - 6*u**2 + 2*u - 1. Let j be k(-6). Let o = j + d. What are the prime factors of o?
2, 13
Let y(c) = -c**3 + 10*c**2 + 16*c + 3. Let n be y(11). Let m = 96 - n. What are the prime factors of m?
2, 19
Let j = 25 - 15. Let a(l) = -11*l**2 - 6*l - 10. Let i(p) = 8*p**2 + 7*p + 10. Let k(y) = 3*a(y) + 4*i(y). List the prime factors of k(j).
2, 5
Suppose 37*t + 26950 = 44*t. List the prime factors of t.
2, 5, 7, 11
Let d = -67 - -112. Let m(w) = w + 8. Let g be m(-4). Suppose -d = n - g*n. What are the prime factors of n?
3, 5
What are the prime factors of (3 - (-4025)/(-28))*(-8)/2?
563
Let m = 1286 + -910. What are the prime factors of m?
2, 47
Let w be (-1)/(4/(-8)*2). Let o(x) = 12*x**2 - 2*x. List the prime factors of o(w).
2, 5
What are the prime factors of (-5)/35 + 1100/7?
157
Let h(v) = 3*v - 7. Let d be h(3). Suppose -137 = -a + 2*w - w, -5*w = -d*a + 259. List the prime factors of a.
2, 71
Let c = -184 + 1170. What are the prime factors of c?
2, 17, 29
Let b = -798 + 1280. Suppose 8*o - b = 1926. What are the prime factors of o?
7, 43
Suppose 13*w - 32 = 5*w. Suppose -w*a + 135 = -253. List the prime factors of a.
97
Let b = 380 + 98. What are the prime factors of b?
2, 239
Let b(v) = -6*v**3 - 4*v**2 + 13*v + 4. List the prime factors of b(-5).
19, 31
Let i(m) = -m**3 + 4*m**2 + 4. Let l be i(4). Suppose 0 = 3*o + 3, -l*o = 4*b - 638 + 186. What are the prime factors of b?
2, 3, 19
Let j be (28/(-20))/(7/(-35)). Suppose -j - 9 = -2*c. What are the prime factors of c?
2
Let d(z) = 3*z**3 - z**2 - 3. Let y be d(2). Suppose -15*k + y*k - 456 = 0. List the prime factors of k.
2, 3, 19
Let s = 3 + -3. Let f = s + 26. Let i = -15 + f. What are the prime factors of i?
11
Let f(i) = -3*i**2 + 4*i + 2. Let b(s) = 4*s**2 - 5*s - 1. Suppose 2*p + 3 = p. Let a(k) = p*f(k) - 2*b(k). What are the prime factors of a(4)?
2
Suppose -5*t = -u - 2*u - 359, u = 5*t - 363. List the prime factors of t.
73
Let y(s) = -s**2 + 15*s + 15. Let w be y(11). Let a = -4 + w. List the prime factors of a.
5, 11
Let s(y) = -14 + 34*y - 10 + 19. What are the prime factors of s(6)?
199
Let w be (2/(-3))/(-2)*(-315 + 6). Let i(f) = 2*f - 1. Let v be i(-7). List the prime factors of (-4)/(-30) + w/v.
7
Let x be (-1152)/(-54) - 2/(-3). List the prime factors of ((-517)/x)/(2/(-4)).
47
Suppose -7*z + 2100 = -z. List the prime factors of z.
2, 5, 7
Let g = -536 + 986. List the prime factors of g.
2, 3, 5
Let a(m) = m + 543. What are the prime factors of a(-41)?
2, 251
What are the prime factors of 1410*12/72*3?
3, 5, 47
Let s(y) = 37*y + 1. Let x(d) = 3*d - 47. Let g(o) = o - 16. Let i(r) = 17*g(r) - 6*x(r). Let t be i(9). List the prime factors of s(t).
2, 19
Let r = -8 + 8. Suppose r*d - 5*k + 10 = 5*d, 3*d - 4*k + 15 = 0. What are the prime factors of 16/d*(-1)/1?
2
Suppose 4*x + 262 = 2*s, 549 = 4*s - 0*s - 3*x. Let a(w) = -4*w**3 + w**2 + w + 1. Let y be a(-1). Suppose -2*v = -y*v + s. What are the prime factors of v?
47
Suppose 5*k - 1760 = -6*k. Let v be (-2)/5 + 182/5. Suppose 4*w - k = -5*x - v, 0 = w + 2*x - 28. What are the prime factors of w?
2, 3
What are the prime factors of ((-520)/30)/((-2)/159)?
2, 13, 53
Let o(u) = -u**2 - 8*u + 7. Let g be o(6). Let p = -52 - g. What are the prime factors of p?
5
Let h(i) = -7*i + 1 + 0 - 5 - i**2. Suppose 0*c - 5 = c. What are the prime factors of h(c)?
2, 3
Let w(b) = -b - 2 + b**2 - 3 - 4*b + 3*b. List the prime factors of w(8).
43
Suppose 6*y + 4932 = 18*y. List the prime factors of y.
3, 137
Suppose 14*a + 3*a = 8874. What are the prime factors of a?
2, 3, 29
Let g(q) = -q**3 - 9*q**2 + 5. Let j = 151 + -160. What are the prime factors of g(j)?
5
Suppose u = 2*u - 4*l - 1905, -2*u + 3780 = 2*l. What are the prime factors of u?
3, 631
Let d be 46/4*(-18)/3. Let w = -37 - d. What are the prime factors of w?
2
Let b(m) be the third derivative of -m**7/560 + 7*m**6/720 - m**5/30 + 6*m**2. Let s(f) be the third derivative of b(f). What are the prime factors of s(-4)?
43
Let t(f) = 2*f + 13. Let m(y) = -y - 17. Let h be m(-17). List the prime factors of t(h).
13
What are the prime factors of (1 + 0)/5 + 331422/390?
2, 5, 17
Let f(r) = -r**3 + 5*r**2 - 2*r - 2. Let u(x) = -x**3 + 12*x**2 - 11*x + 3. Suppose -3*o = 2*o - 55. Let n be u(o). What are the prime factors of f(n)?
2, 5
Let x(d) = d**3 + 15*d**2 + d + 22. Let a be x(-15). Suppose -a*u + u + 216 = 0. Suppose -u - 69 = -5*o. What are the prime factors of o?
3, 7
List the prime factors of (12/(-8))/((-4)/2808 + 0).
3, 13
Let i = 1615 + -540. List the prime factors of i.
5, 43
Let a(y) = y**3 - 20*y**2 + 5*y + 38. Let b be a(20). Let c = b + -8. What are the prime factors of c?
2, 5, 13
Suppose -5*q - 4*k = -14087, 3*q - k - 7775 = 667. What are the prime factors of q?
5, 563
What are the prime factors of (80535/56 - -7) + 2/(-16)?
5, 17
Suppose 9*u - 4033 = 2294. What are the prime factors of u?
19, 37
Let p(z) = 11*z + 4 + 3*z + 1 - 1 - 4*z**2. Let k(h) = 3*h**2 - 13*h - 5. Let w(i) = 3*k(i) + 2*p(i). List the prime factors of w(12).
5
Let n(z) = 140*z - 125. What are the prime factors of n(7)?
3, 5, 19
Suppose 5*a + 33 = -522. What are the prime factors of (1 - 0) + (-8 - a)?
2, 13
Let h = 34 - -22. Suppose 0*k - 90 = -k. Let i = k - h. List the prime factors of i.
2, 17
Let i(r) = -r**3 + 2*r - 2. Suppose 2*p - 14 = 4*l, 12 = 3*p - 4*l - 5. Suppose p*s + 20 = 11. What are the prime factors of i(s)?
19
Suppose 10*r + 24 = 16*r. Suppose 3*f + 429 = 3*a, f = -r*a - 4*f + 572. What are the prime factors of a?
11, 13
Suppose -2*o + i - 7 = 0, -6 = -3*o - 6*i + 2*i. What are the prime factors of (-3)/o + (-412)/(-8)?
53
What are the prime factors of 3/(-1) - (-193 + (-4 - -6))?
2, 47
Let n be 4 - (0 - 10)/5. Suppose -106 + 46 = -n*f. Suppose 48 = 14*u - f*u. What are the prime factors of u?
2, 3
Let d(w) = -w**2 - 7 + 5 - 5 + 10*w. Suppose 0 = -5*z - j - 3*j + 56, 2*j = z. List the prime factors of d(z).
3
Let q = 18 + 58. Let y = q + -2. Suppose -5*t + 69 = 4*b - 8*t, -4*b = 2*t - y. List the prime factors of b.
2, 3
Suppose -1 = -2*p - 7. What are the prime factors of (-92)/p*18/12?
2, 23
Let c be -1*4/8*16. List the prime factors of 60/80 + (-1226)/c.
2, 7, 11
Let w(v) = -4*v - 12. Let m be w(-3). Suppose 3*a - 388 = -0*l - 5*l, -5*a + 600 = -l. Suppose b - 1 = m, -3*y - y + a = 5*b. What are the prime factors of y?
29
Suppose 0 = -4*b + 2*o - 96, -5*o = b - 0*o + 2. List the prime factors of 4/b - (-14)/(770/15465).
281
Suppose -14 = 3*w - 5*m + 34, m + 19 = -2*w. Let r be (w + 1 + -2)*-25. Suppose 258 = 5*k + 3*i, 5*k = i - 26 + r. What are the prime factors of k?
2, 3
Let l(q) = q**2 - 2*q. Let s be l(2). List the prime factors of 1 + s + 48 + -2.
47
Suppose 3400 = a + 434. List the prime factors of a.
2, 1483
Let u be (-15631)/(-121) + (-4)/22. Suppose -132 = -5*p + 4*c, 0*p = 5*p - 3*c - u. What are the prime factors of p?
2, 3
Let v = 2694 - 1862. What are the prime factors of 75/10*(v/10)/4?
2, 3, 13
Let s(h) = 74*h + 17. What are the prime factors of s(7)?
5, 107
Suppose 3*q + 3682 - 6712 = 0. What are the prime factors of q?
2, 5, 101
Suppose -2*h - 622 = 2*d, 5*d = 3*d + 8. Let c = -208 - h. What are the prime factors of c?
107
Suppose -2*h = -j + 269, -4*j + 44*h - 45*h = -1049. What are the prime factors of j?
263
Suppose -14*a - a - 30 = 0. Let r(l) be the second derivative of -7*l**3/2 - 2*l**2 + 2*l. What are the prime factors of r(a)?
2, 19
Let j = 7 - -1. Suppose -13 = -j*g + 3*g - k, 2*k = 3*g. Suppose 3*z - 61 + g = 4*i,